ivided by 69?
67
What is the remainder when 2899 is divided by 707?
71
Calculate the remainder when 6374 is divided by 1833.
875
Calculate the remainder when 1124 is divided by 271.
40
What is the remainder when 200636 is divided by 66878?
2
Calculate the remainder when 36284 is divided by 18137.
10
Calculate the remainder when 4506 is divided by 9.
6
Calculate the remainder when 539 is divided by 269.
1
What is the remainder when 10285 is divided by 404?
185
Calculate the remainder when 91695 is divided by 175.
170
Calculate the remainder when 266389 is divided by 333.
322
Calculate the remainder when 1979 is divided by 204.
143
What is the remainder when 744 is divided by 37?
4
Calculate the remainder when 21271 is divided by 51.
4
What is the remainder when 74193 is divided by 18?
15
What is the remainder when 84050 is divided by 4202?
10
Calculate the remainder when 185568 is divided by 29.
26
What is the remainder when 97833 is divided by 62?
59
What is the remainder when 9870 is divided by 173?
9
What is the remainder when 2589 is divided by 723?
420
Calculate the remainder when 2083182 is divided by 135.
132
What is the remainder when 3736 is divided by 604?
112
What is the remainder when 23834 is divided by 11916?
2
Calculate the remainder when 1225 is divided by 185.
115
Calculate the remainder when 4441 is divided by 234.
229
Calculate the remainder when 85409 is divided by 8536.
49
Calculate the remainder when 216886 is divided by 48.
22
Calculate the remainder when 13407 is divided by 4.
3
What is the remainder when 80251 is divided by 26747?
10
Calculate the remainder when 1871964 is divided by 91.
3
Calculate the remainder when 445047 is divided by 244.
235
Calculate the remainder when 10992 is divided by 1373.
8
Calculate the remainder when 2392 is divided by 53.
7
What is the remainder when 979 is divided by 44?
11
What is the remainder when 10234 is divided by 3370?
124
Calculate the remainder when 1726258 is divided by 517.
512
What is the remainder when 1674 is divided by 728?
218
Calculate the remainder when 18877 is divided by 610.
577
What is the remainder when 4654 is divided by 927?
19
What is the remainder when 12996 is divided by 51?
42
What is the remainder when 152771 is divided by 58?
57
What is the remainder when 35123 is divided by 876?
83
Calculate the remainder when 320127 is divided by 122.
121
Calculate the remainder when 56971 is divided by 165.
46
What is the remainder when 318 is divided by 49?
24
What is the remainder when 3654 is divided by 248?
182
What is the remainder when 2957 is divided by 536?
277
What is the remainder when 1057 is divided by 189?
112
Calculate the remainder when 12153 is divided by 76.
69
Calculate the remainder when 4574 is divided by 240.
14
Calculate the remainder when 3896 is divided by 1043.
767
Calculate the remainder when 1071 is divided by 886.
185
What is the remainder when 93310 is divided by 96?
94
Calculate the remainder when 125921 is divided by 10490.
41
Calculate the remainder when 18389 is divided by 21.
14
Calculate the remainder when 31267 is divided by 1159.
1133
What is the remainder when 7896 is divided by 525?
21
What is the remainder when 48818 is divided by 97?
27
What is the remainder when 127367 is divided by 6703?
10
What is the remainder when 147303 is divided by 20?
3
Calculate the remainder when 529 is divided by 95.
54
What is the remainder when 7073 is divided by 1482?
1145
Calculate the remainder when 512 is divided by 89.
67
Calculate the remainder when 314221 is divided by 25.
21
Calculate the remainder when 1556708 is divided by 72.
68
Calculate the remainder when 92379 is divided by 8397.
12
What is the remainder when 6697 is divided by 450?
397
What is the remainder when 193 is divided by 78?
37
Calculate the remainder when 2321 is divided by 50.
21
What is the remainder when 1232578 is divided by 33?
28
Calculate the remainder when 250199 is divided by 797.
738
Calculate the remainder when 527391 is divided by 203.
200
What is the remainder when 857 is divided by 660?
197
What is the remainder when 672259 is divided by 1389?
1372
Calculate the remainder when 15017 is divided by 15011.
6
What is the remainder when 150585 is divided by 17?
16
Calculate the remainder when 53803 is divided by 434.
421
Calculate the remainder when 11946 is divided by 5157.
1632
What is the remainder when 57274 is divided by 95?
84
What is the remainder when 130640 is divided by 2335?
2215
What is the remainder when 37393 is divided by 125?
18
What is the remainder when 42676 is divided by 102?
40
Calculate the remainder when 9077 is divided by 17.
16
Calculate the remainder when 13749 is divided by 118.
61
What is the remainder when 10616 is divided by 1325?
16
Calculate the remainder when 106917 is divided by 330.
327
What is the remainder when 1934310 is divided by 149?
141
What is the remainder when 3610 is divided by 1518?
574
What is the remainder when 5605 is divided by 2622?
361
What is the remainder when 157305 is divided by 286?
5
Calculate the remainder when 192704 is divided by 404.
400
What is the remainder when 2972 is divided by 1168?
636
Calculate the remainder when 95905 is divided by 19168.
65
Calculate the remainder when 2051 is divided by 672.
35
Calculate the remainder when 7691 is divided by 516.
467
What is the remainder when 4549 is divided by 268?
261
What is the remainder when 3492431 is divided by 158?
157
Calculate the remainder when 11701 is divided by 189.
172
What is the remainder when 36259 is divided by 1?
0
Calculate the remainder when 7086 is divided by 417.
414
What is the remainder when 42205 is divided by 32?
29
What is the remainder when 17833 is divided by 4272?
745
Calculate the remainder when 19234 is divided by 87.
7
Calculate the remainder when 135513 is divided by 276.
273
What is the remainder when 18261 is divided by 2028?
9
Calculate the remainder when 98562 is divided by 377.
165
Calculate the remainder when 387 is divided by 204.
183
Calculate the remainder when 400926 is divided by 1474.
1472
What is the remainder when 346 is divided by 296?
50
What is the remainder when 1771 is divided by 447?
430
What is the remainder when 433011 is divided by 55?
51
What is the remainder when 66855 is divided by 127?
53
Calculate the remainder when 23278 is divided by 55.
13
What is the remainder when 3238 is divided by 418?
312
Calculate the remainder when 2525 is divided by 62.
45
Calculate the remainder when 1990 is divided by 929.
132
What is the remainder when 1147363 is divided by 11?
8
Calculate the remainder when 10488 is divided by 125.
113
Calculate the remainder when 67959 is divided by 5227.
8
What is the remainder when 152646 is divided by 76314?
18
What is the remainder when 101166 is divided by 134?
130
Calculate the remainder when 25675 is divided by 131.
130
Calculate the remainder when 30879 is divided by 336.
303
Calculate the remainder when 1555335 is divided by 106.
103
Calculate the remainder when 808 is divided by 726.
82
What is the remainder when 10800 is divided by 148?
144
Calculate the remainder when 170 is divided by 41.
6
Calculate the remainder when 11223 is divided by 302.
49
Calculate the remainder when 1620 is divided by 18.
0
Calculate the remainder when 82749 is divided by 157.
10
Calculate the remainder when 1828 is divided by 62.
30
What is the remainder when 37830 is divided by 36?
30
What is the remainder when 3168 is divided by 946?
330
What is the remainder when 60700 is divided by 15174?
4
Calculate the remainder when 754 is divided by 364.
26
What is the remainder when 385139 is divided by 655?
654
What is the remainder when 445834 is divided by 7?
4
Calculate the remainder when 681788 is divided by 123.
122
What is the remainder when 3676 is divided by 1205?
61
Calculate the remainder when 36232 is divided by 406.
98
What is the remainder when 7451 is divided by 414?
413
Calculate the remainder when 65834 is divided by 436.
434
Calculate the remainder when 68401 is divided by 34194.
13
Calculate the remainder when 355022 is divided by 23.
17
What is the remainder when 13362 is divided by 3330?
42
Calculate the remainder when 108667 is divided by 384.
379
Calculate the remainder w